2)
-5
Calculate (-2 + -1 - -2) + 1.
0
What is the value of 0 - (-1 + (1 - -1) - -2)?
-3
Evaluate -3 - (2 + 1 + 2 - 6).
-2
What is -13 + 19 + (-1 - 0)?
5
What is the value of (5 - 4 - -7) + -5?
3
Calculate (-3 - -15 - 4) + -4.
4
(8 - 17 - -4) + -1
-6
Calculate 6 + (-4 - -14) + -10.
6
What is the value of -5 - (1 + -4 - -2)?
-4
-4 + 1 + (10 - 9) + 3
1
Calculate (-2 - 0 - 1) + 4 + 2.
3
What is -1 + 1 + -1 + -3?
-4
What is the value of (-10 - -5) + 1 + (0 - -2)?
-2
Calculate 2 + 0 - (5 - 3) - -7.
7
What is the value of 19 + -20 + -1 + -1?
-3
What is the value of 9 + -3 + -1 - (0 - -2)?
3
Calculate -1 + (2 - ((-5 - -2) + 8)).
-4
What is the value of -3 + (-5 - -13) + 1?
6
5 - (3 + 5) - 0 - -8
5
Calculate 2 + -11 + -31 + 33.
-7
Calculate -2 - (-6 + 8 + -4) - 3.
-3
Calculate -3 - (1 + 3 + -6 + 1).
-2
Evaluate -1 - (6 + -4 + 0).
-3
What is the value of -4 - -2 - (2 + -6 + -3)?
5
(-11 - (2 + 3)) + 4 - -7
-5
(27 - 18) + -3 + 1
7
What is 10 - 14 - (-2 - 1)?
-1
What is the value of -7 - (7 + 2 + -8 + -7)?
-1
Evaluate 7 - (-2 + (4 - 0)).
5
What is -14 + 10 + (3 - -2) + 6?
7
What is the value of 9 + 0 + -1 + -3?
5
Calculate -5 + (-3 - -7) + 1 + -7.
-7
-2 + 8 - 8 - 4
-6
What is -2 + (-7 - -3) - -7?
1
Evaluate -2 + 0 - (16 + -21).
3
Calculate -6 + 6 + 5 - (11 + -16).
10
Evaluate -10 + (-1 - -3) + 12.
4
What is -1 - -3 - (-58 - -64)?
-4
Evaluate -4 + 1 - (0 - 6) - 1.
2
2 + 0 - (1 + -2 + 3)
0
Evaluate (0 - -1) + (-4 - 0).
-3
Evaluate (1 - (-1 + 3)) + -3.
-4
Evaluate (5 - 2) + (7 + -5 - 5).
0
What is -5 - (6 + -10 + -2)?
1
-6 + (3 + 3 - 3)
-3
What is the value of -6 + (-2 - 2 - -5)?
-5
Calculate 4 + (-11 - -6) + 4.
3
8 - (8 - 5 - 4)
9
Evaluate -16 + 14 + (7 - (1 + -1)).
5
What is -5 + -3 + (-2 - -21 - 4)?
7
Calculate (5 - 10 - -5) + 3.
3
What is -4 - (-2 + 13 + -6) - -1?
-8
What is the value of 13 + -12 - (-2 + 4)?
-1
6 + (8 - (2 + 6 + 3))
3
3 + (-1 - -10) - 8
4
Evaluate 0 + -6 - (-72 + 61).
5
Calculate (8 - 7) + -4 + 1 + 1.
-1
What is the value of -1 - ((-2 - (0 + 0)) + 7)?
-6
Calculate -2 - (-3 + (1 - -1) + 2).
-3
Evaluate -2 + -1 + (0 - (-5 + -1)).
3
What is 7 + (-1 - 5) + 4?
5
What is the value of (-9 - -8) + (-1 - 0) + 1?
-1
What is the value of (4 - (2 + 0 + -6)) + -6?
2
Calculate 0 + -9 - (-4 + -4 + 6).
-7
4 + (0 - 0 - 1) + -1
2
Evaluate 5 + -1 - (-12 + 15).
1
6 + -1 + -7 + 16 + -13
1
What is -7 + (-8 - (2 - 25))?
8
What is the value of 5 + 8 + -11 - (1 + 0)?
1
What is the value of -1 + 4 + -2 + -7 + 4?
-2
Evaluate (0 - 8) + (-22 - -26).
-4
7 - (0 - 0 - (9 - 18))
-2
What is the value of -3 + 1 - 2 - -1?
-3
What is the value of (1 - -2) + -54 + 43?
-8
Calculate 6 - (8 - 2 - 1).
1
(1 - (3 + -2)) + -1 - -3
2
What is 17 + -17 + (1 - -5) - 3?
3
What is 56 + -61 + (3 - (1 - 2))?
-1
What is the value of -5 + 7 + -1 + -4?
-3
Evaluate 18 - (-16 + 36) - (-4 - 0).
2
8 + -4 + 1 + -1 + -9
-5
Calculate (4 - (9 + -8)) + -8 - -8.
3
Evaluate 1 + (-2 - ((-5 - -10) + -5)).
-1
Calculate 1 - -10 - (17 - 18 - -10).
2
Evaluate -6 + 4 + 0 + (-2 - -3).
-1
Evaluate (5 - -6 - 3) + 0 + -5.
3
Evaluate 4 - (11 - (4 + -2)).
-5
What is the value of 2 + 1 + (1 - 1) + -1?
2
What is the value of (-1 - -5) + (4 - 8)?
0
Calculate -3 + 10 + (6 - 10).
3
Evaluate 2 + -1 + (16 - 20).
-3
What is the value of (-46 - -46) + (10 - -1)?
11
What is -5 + (2 - 0) - (1 - 3)?
-1
What is 1 + -6 - (-2 - (9 - -2))?
8
Calculate (5 - 1) + -3 - -1.
2
-1 + (2 - -6) + -2
5
Evaluate 8 - 5 - (1 - 0).
2
What is 17 + (-3 + -8 + 10 - 6)?
10
Calculate -4 + 2 + 0 + -1.
-3
What is the value of 3 + 2 + (4 - (10 + -8))?
7
What is the value of 12 - (-2 + 5 - -5)?
4
Evaluate 8 - (-1 + -2 + 6).
5
Calculate -2 + -1 + (7 - 0).
4
2 + (-3 - (0 - 1)) + 3
3
What is -8 - (-3 + 10 - (0 - -6))?
-9
Evaluate 3 - -1 - 8 - -9.
5
What is the value of -1 + -6 + (28 - 18)?
3
Calculate -1 - 2 - (85 - 96).
8
1 + 3 - (-52 - -47)
9
Calculate 4 - (-1 + 13 + -3).
-5
What is 20 + -20 - (-6 + 15)?
-9
Calculate (-9 + -4 - -4) + 8.
-1
Evaluate -1 + (2 - 0) + -146 + 140.
-5
Calculate -4 + (-3 - (-6 + (-1 - -7))).
-7
What is the value of 0 + (-14 - -5 - (-2 - 2))?
-5
Evaluate 3 - 4 - (4 + -6).
1
What is (4 - 3) + (-4 - 2)?
-5
What is -2 - (5 + -4 - -2)?
-5
What is 5 - (8 + -15 - -12)?
0
What is -1 - (-2 + 2 + (4 - 1))?
-4
What is 4 - 10 - (0 - 3)?
-3
Evaluate 8 + -1 - (146 + -141).
2
Evaluate 2 - ((1 - (-4 - -8)) + 1).
4
Evaluate 4 - (-6 + 3 - -4).
3
What is (-9 - 1) + (-10 - (-12 + -4))?
-4
Calculate -1 + -4 + (46 - 40).
1
What is the value of 17 - (34 + -14 - 13)?
10
What is the value of (2 - -6) + 7 + (-3 - 5)?
7
Evaluate 6 + -6 - (8 + -6).
-2
-2 - (4 - 1) - -7
2
-5 + (2 - 1) - -5
1
Calculate 10 - 14 - (2 - 5).
-1
-21 + 13 + (11 - -1) - -6
10
What is -1 - ((-3 - -3) + -3)?
2
Calculate -4 + (5 - -2) + (17 - 13).
7
Calculate -7 + 13 + -7 + 1.
0
Calculate 5 + (-10 - -2 - 0).
-3
What is the value of 0 + -3 + (2 - 1) + 5?
3
Evaluate -6 + 4 + (-3 - -2) + 2.
-1
4 + (-1 - (4 - 7)) + -5
1
1 + -3 - (3 + -4 + -6)
5
What is the value of 3 + 4 + -1 - 2 - 3?
1
Evaluate -3 - (0 + -6 + 7) - 1.
-5
What is -15 + 1 + 9 + -1 + -2?
-8
-3 + (6 + -5 - -1)
-1
-2 + -4 + 3 + -9 + 16
4
What is the value of -1 + 12 + -7 - (-1 + 3)?
2
Evaluate -1 + (-15 - -16 - (-5 - 1)).
6
What is the value of -7 - (-8 + 4 + (0 - -4))?
-7
Calculate 1 - -2 - (1 + -2 + 0).
4
3 - 12 - (-10 - (-7 + 4))
-2
(1 - 0) + 4 + -2 + 1
4
Evaluate (-2 - (0 + 0 + -4)) + -1.
1
(-19 - -23) + -8 + -1
-5
Calculate -13 - ((-21 - -11) + 2).
-5
Evaluate 1 + -13 + 5 - -3.
-4
What is the value of ((-4 - 2) + 4 - 1) + 3?
0
What is the value of 1 - 3 - (7 - (3 - -2))?
-4
What is the value of (16 - 8) + -1 - (-1 - -2)?
6
Evaluate 76 + -80 + 1 + 1.
-2
What is the value of 1 - -3 - (45 + -46)?
5
Evaluate -4 + -6 + 6 - 2.
-6
Calculate 3 + (-2 - -1) - (4 + 0).
-2
What is -2 + 2 + 5 + (5 - 8)?
2
Calculate -4 + 1 - (-5 - (-7 - -6)).
1
Calculate 2 - (1 + 2) - -9 - 4.
4
What is -13 + 2 + (10 - 4)?
-5
Evaluate -4 + 8 - (-3 - (0 + -2)).
5
What is -2 - (-13 - -3) - 3?
5
3 - (0 + -1 - (0 + -2))
2
What is the value of 8 - (10 - 0) - (0 + -1)?
-1
-1 + -2 + (6 - (-9 + 12))
0
What is -32 + 33 + (-3 - -1) - -5?
4
What is -3 + 2 + (-2 - (-8 - -2))?
3
Calculate (14 - (7 + 0)) + -4.
3
5 + -2 + 2 + 1 + -5
1
What is -19 + (10 - 1) - -14?
4
8 + -8 - -5 - 2
3
What is the value of -1 + 2 - (5 - (5 + -6))?
-5
0 + 5 + (2 + -1 - 4)
2
Evaluate -1 + 8 + -9 + 4.
2
Evaluate (3 - (5 + (-4 - 2))) + 1.
5
Calculate 6 + -9 + 2 + -3.
-4
What is 18 - 5 - (-8 - -14)?
7
Calculate -30 + 40 - (6 + -3).
7
Evaluate -6 + 1 + 16 + (-16 - -8).
3
Evaluate 0 - 2 - (-4 + 1).
1
What is 1 + (3 + 2 - 0 - 1)?
5
What is (-3 - (0 + 1)) + 6?
2
What is -3 + 1 + -2 + 5?
1
What is the value of -7 + 3 + 5 + (-3 - 1)?
-3
What is (4 - (-2 - 6)) + -6?
6
Evaluate -2 + -1 - ((1 - -6) + -3).
-7
What is -22 - -24 - (-3 - 2)?
7
Calculate (-1 - (-4 + 0 - -3)) + -5.
-5
What is the value of -5 + (6 - (1 + 1)) - 7?
-8
What is -9 + -2 - (-82 + 78)?
-7
Calculate 3 + -8 + 0 + 2.
-3
Calculate (-5 - -1) + (12 - (-2 - -9)).
1
What is the value of (-12 - (3 - 14)) + 3 + 0?
2
Evaluate -51 + 45 + (11 - -2).
7
Evaluate -1 - 3 - (6 - (1 + 6)).
-3
What is 5 + (2 - 6) - -6?
7
What is the value of -8 + 1 - (-12 - -1) - 13?
-9
What is the value of 1 - 1 - (-4 + (4 - -1))?
-1
-2 + (18 - 9) + -1
6
What is the value of -8 + (6 - (6 + -8))?
0
What is the value of 0 - (4 - ((2 - 2) + -2))?
-6
Evaluate (1 - 1 - 0) + 3.
3
What is -3 + -4 + 3 + (-2 - -3)?
-3
Evaluate -12 + 14 + (8 + -5 - 9).
-4
What is 2 - (-2 + 0 + 1 - -3)?
0
What is the value of (0 - 1) + 3 + -1?
1
What is 1 - (11 - (12 + -6))?
-4
What is (-3 - (-4 + 0)) + -2?
-1
What is the value of -2 + 0 - -14 - 10?
2
What is 3 + -9 + 1 + (9 - -1)?
5
Evaluate 9 + 1 + -4 + -4.
2
What is the value of -6 + -2 + 3 - (-4 + 1)?
-2
What is 3 + 3 - (2 + 5 + 0)?
-1
-8 - (10 - 15) - -5
2
Evaluate -6 + (-2 - 0) + 5.
-3
Evaluate 3 + 1 + 4 - (-12 + 12).
8
What is the value of (-10 - -13) + 3 + 0?
6
Evaluate -1 + (1 - (-4 - -4)).
0
What is the value of -5 + (5 - (11 + (6 - 13)))?
-4
What is the value of 5 - 5 - 2 - -5?
3
Evaluate 8 + -15 - (0 - 2).
-5
What is the value of (-2 - 0 - 2) + 7?
3
What is 3 + 1 - ((0 - 5) + 7)?
2
What is -2 + -3 - (-12 + 9 + -2)?
0
-13 + -1 - -7 - -12
5
Calculate -2 + (-1 - (-5 - -9)).
-7
-2 + 5 - 2 - (0 - 1)
2
What is 2 + (-1 - 6) + 0 + 4?
-1